7163314?
2, 3, 7, 73, 28429
What are the prime factors of 54346424?
2, 11, 23, 2441
What are the prime factors of 66033426?
2, 3, 11005571
List the prime factors of 112158274.
2, 71, 789847
List the prime factors of 19805166.
2, 3, 71, 15497
List the prime factors of 42107357.
42107357
List the prime factors of 22257626.
2, 19, 585727
List the prime factors of 948079507.
61, 15542287
List the prime factors of 28527170.
2, 5, 7, 19, 89, 241
What are the prime factors of 35671024?
2, 811, 2749
What are the prime factors of 245294523?
3, 1747, 15601
List the prime factors of 1646484155.
5, 727, 452953
List the prime factors of 1128608508.
2, 3, 2591, 36299
What are the prime factors of 590952225?
3, 5, 23, 31, 43, 257
List the prime factors of 9226976.
2, 11, 2383
List the prime factors of 223560925.
5, 7, 1277491
What are the prime factors of 38576610?
2, 3, 5, 428629
List the prime factors of 200945774.
2, 47, 433, 4937
List the prime factors of 5752035770.
2, 5, 13, 131, 337759
What are the prime factors of 4588477249?
12527, 366287
List the prime factors of 87365441.
87365441
List the prime factors of 1901256269.
11, 29, 205519
List the prime factors of 25428929.
25428929
What are the prime factors of 66591345?
3, 5, 4439423
What are the prime factors of 1139138965?
5, 227827793
List the prime factors of 450761045.
5, 7, 43, 42787
What are the prime factors of 732567023?
732567023
List the prime factors of 57022541.
53, 1075897
What are the prime factors of 1170667074?
2, 3, 31, 53, 149, 797
List the prime factors of 506872570.
2, 5, 50687257
What are the prime factors of 421746893?
2389, 176537
What are the prime factors of 2294583241?
19, 120767539
What are the prime factors of 2177965?
5, 435593
What are the prime factors of 369073135?
5, 31, 2381117
What are the prime factors of 31045195?
5, 6209039
List the prime factors of 1494382327.
1494382327
List the prime factors of 331835489.
331835489
What are the prime factors of 194364761?
31, 6269831
List the prime factors of 113788550.
2, 5, 2275771
What are the prime factors of 53519979?
3, 19, 938947
List the prime factors of 45790172.
2, 71, 161233
What are the prime factors of 360765211?
17, 577, 36779
List the prime factors of 502834088.
2, 19, 43, 107, 719
List the prime factors of 105836932.
2, 43, 79, 7789
What are the prime factors of 475640321?
13, 503, 72739
What are the prime factors of 25401620?
2, 5, 47, 61, 443
List the prime factors of 1124640166.
2, 13, 43255391
What are the prime factors of 1064682047?
11, 13, 367, 20287
List the prime factors of 950892966.
2, 3, 113, 155833
List the prime factors of 543349929.
3, 491, 368873
What are the prime factors of 200914634?
2, 401, 479, 523
What are the prime factors of 79049666?
2, 23, 1718471
List the prime factors of 41550637.
41550637
List the prime factors of 8510198.
2, 97, 43867
List the prime factors of 3897702978.
2, 3, 13, 19, 389, 6761
List the prime factors of 13608761.
41, 331921
What are the prime factors of 1996492782?
2, 3, 23, 1571, 9209
What are the prime factors of 1657606698?
2, 3, 11, 8371751
What are the prime factors of 7476915?
3, 5, 498461
What are the prime factors of 50756453?
11, 61, 67, 1129
List the prime factors of 2675479333.
79, 2789, 12143
What are the prime factors of 315389243?
13, 24260711
List the prime factors of 1672527649.
13, 19, 6771367
List the prime factors of 335442711.
3, 1609, 69493
List the prime factors of 4376720887.
7, 11, 47, 109943
List the prime factors of 171515298.
2, 3, 227, 125929
List the prime factors of 430243398.
2, 3, 13, 881, 2087
What are the prime factors of 505123828?
2, 11, 1933, 5939
What are the prime factors of 38136029?
38136029
List the prime factors of 584122408.
2, 29, 41, 61409
What are the prime factors of 4531355660?
2, 5, 13, 3373, 5167
List the prime factors of 273325090.
2, 5, 27332509
List the prime factors of 404304201.
3, 7, 31, 207017
What are the prime factors of 150448545?
3, 5, 13, 257177
What are the prime factors of 55879529?
73, 139, 5507
List the prime factors of 126713332.
2, 1237, 25609
What are the prime factors of 51879117?
3, 47, 263, 1399
List the prime factors of 4335075912.
2, 3, 127, 151, 9419
List the prime factors of 614131597.
193, 3182029
What are the prime factors of 142872409?
142872409
What are the prime factors of 326164104?
2, 3, 7, 23, 83, 113
What are the prime factors of 130028929?
307, 423547
List the prime factors of 72762128.
2, 37, 89, 1381
What are the prime factors of 78200808?
2, 3, 7, 19, 24499
What are the prime factors of 78696885?
3, 5, 5246459
List the prime factors of 59837142.
2, 3, 947, 10531
List the prime factors of 344033833.
11, 13, 2405831
What are the prime factors of 338234987?
23, 601, 24469
List the prime factors of 459929779.
16193, 28403
What are the prime factors of 2773367890?
2, 5, 277336789
List the prime factors of 214630742.
2, 6661, 16111
List the prime factors of 162116738.
2, 7, 11579767
What are the prime factors of 680945732?
2, 170236433
What are the prime factors of 19943819?
7, 31, 73, 1259
List the prime factors of 270070288.
2, 643, 26251
What are the prime factors of 1952928978?
2, 3, 7, 11, 13, 325163
List the prime factors of 482406029.
7, 19, 518159
List the prime factors of 94478544.
2, 3, 509, 1289
List the prime factors of 6546204.
2, 3, 7, 1237
What are the prime factors of 48876590?
2, 5, 7, 103, 6779
List the prime factors of 95724510.
2, 3, 5, 7, 455831
What are the prime factors of 2616472482?
2, 3, 13, 17, 19, 41, 149
List the prime factors of 46302770.
2, 5, 4630277
What are the prime factors of 2285099676?
2, 3, 17, 19, 10343
What are the prime factors of 4384117423?
7, 23, 283, 96221
What are the prime factors of 1241195203?
137, 9059819
What are the prime factors of 8405625076?
2, 31, 163, 415873
List the prime factors of 2396447522.
2, 7, 71, 1237, 1949
What are the prime factors of 27212921?
19, 67, 21377
What are the prime factors of 5434927273?
5434927273
What are the prime factors of 2004185635?
5, 15737, 25471
What are the prime factors of 1498688080?
2, 5, 19, 985979
List the prime factors of 5091693364.
2, 22861, 55681
What are the prime factors of 57044871?
3, 13, 331, 491
What are the prime factors of 207566728?
2, 25945841
List the prime factors of 1909810766.
2, 59, 241, 67157
List the prime factors of 32555293.
32555293
What are the prime factors of 297372342?
2, 3, 179, 276883
What are the prime factors of 2385493193?
17, 37, 1871, 2027
List the prime factors of 223071901.
13, 17159377
List the prime factors of 15365018.
2, 43, 53, 3371
List the prime factors of 1661847753.
3, 553949251
List the prime factors of 8863532.
2, 491, 4513
What are the prime factors of 278565?
3, 5, 7, 379
What are the prime factors of 74883710?
2, 5, 11, 89, 7649
What are the prime factors of 39303402?
2, 3, 937, 6991
What are the prime factors of 211363681?
211363681
List the prime factors of 102327680.
2, 5, 7, 13, 251
List the prime factors of 1444877730.
2, 3, 5, 29, 127, 1453
List the prime factors of 230021097.
3, 76673699
List the prime factors of 75020026.
2, 37510013
What are the prime factors of 10415460?
2, 3, 5, 11, 43, 367
List the prime factors of 3477818240.
2, 5, 13, 418007
List the prime factors of 125282867.
373, 335879
What are the prime factors of 415375646?
2, 7, 139, 30493
List the prime factors of 2315692.
2, 578923
What are the prime factors of 1314503199?
3, 23, 31, 79, 2593
What are the prime factors of 5025596?
2, 31, 40529
What are the prime factors of 371494383?
3, 13, 97, 283, 347
List the prime factors of 42414914.
2, 3851, 5507
What are the prime factors of 8394384?
2, 3, 179, 977
List the prime factors of 3468069676.
2, 83, 10445993
What are the prime factors of 16759604?
2, 1873, 2237
What are the prime factors of 24895171?
7, 787, 4519
List the prime factors of 30514849.
1747, 17467
What are the prime factors of 1426686370?
2, 5, 7477, 19081
What are the prime factors of 52889242?
2, 7, 541, 6983
List the prime factors of 871387016.
2, 23, 4735799
List the prime factors of 129479298.
2, 3, 13, 823, 2017
List the prime factors of 514788541.
29, 103, 172343
List the prime factors of 6540345.
3, 5, 7, 769
List the prime factors of 549